4.
140
What is the remainder when 1273 is divided by -871*(-12)/156 - 22?
13
Let b = 2071 + -1964. Calculate the remainder when b is divided by 103.
4
Let n be 20/6*(4 - -2). Let l = 9 + n. Let h(j) = j**3 - 166*j**2 + 967*j - 1005. What is the remainder when h(160) is divided by l?
28
Let y = -7830 - -8500. What is the remainder when y is divided by 114?
100
Let k(c) = -c**3 + 67*c**2 - 779*c - 38. What is the remainder when 25 is divided by k(52)?
11
Suppose 287*l - 3013 - 3191 = 243*l. What is the remainder when 414 is divided by l?
132
Let p(o) = -o + 21. Let y(n) = -n + 1. Let i(g) = 16. Let f(h) = i(h) + 5*y(h). Let v be f(5). What is the remainder when 70 is divided by p(v)?
20
Let r(o) = o**3 + 5*o**2 - 3. Let p be r(-5). Let v = 2 - p. Let d = -10039 + 10047. Calculate the remainder when d is divided by v.
3
What is the remainder when 3/(-5) + 94484/115 is divided by 11?
7
Suppose 2*q - 18 = o - 3*q, 2*o = q - 54. Let x = o - -89. What is the remainder when x is divided by 20?
1
Suppose 0 = -4*q + 2*v + 1254, -5*v - 1257 = -353*q + 349*q. What is the remainder when q is divided by 76?
9
Suppose 5*c - 67 = 8. What is the remainder when 124 is divided by 36 + 2 + c + -11?
40
Suppose 4*q - 30 - 122 = 0. Let o(u) be the first derivative of 5*u**4/2 + 2*u**3/3 - u**2 - 16. Calculate the remainder when q is divided by o(1).
8
Let f = 162 + -127. Suppose 0 = 4*w + 4*p - 32 - 44, 17 = w + 2*p. Calculate the remainder when f is divided by w.
14
Suppose 2*a - 5*d - 8 = -4*d, 2*a - 12 = 3*d. Suppose -2*g - a*r + 29 = 0, 5*r = -0*g - 4*g + 57. What is the remainder when 114 is divided by g?
10
Let o = 18 + -13. Suppose u - 26 = -5*w, -2*u + o*u - 60 = 3*w. Calculate the remainder when 37 is divided by u.
16
Let d = 68 - 67. Suppose 3*v + 12 = 0, -d = -3*x - 0*v - 5*v. Let m(i) = 4*i**2 - 12. What is the remainder when m(x) is divided by 17?
14
Calculate the remainder when 1810 is divided by (-1)/5*(-58 - -63)*-131.
107
Suppose 3*t + 3*s - 1761 = 0, 3*s - 1224 = -5*t + 1715. What is the remainder when t is divided by 149?
142
Let c = 55 + -1. Let a(k) = -k**3 + 15*k**2 - 219*k + 3295. Calculate the remainder when c is divided by a(15).
4
Let z = -12 - -18. Let y be 75 + -2 + z + 5. What is the remainder when 36 is divided by (3 + 17)*(y/20 - 3)?
12
Let t = 5787 - 5483. Calculate the remainder when t is divided by 22.
18
Let i = 2206 - -1056. Calculate the remainder when i is divided by 102.
100
Let z(x) = -5*x - 53. Suppose 0 = -5*v - 1 - 4, 4*v - 20 = 2*n. Let s = -186 - -260. Calculate the remainder when s is divided by z(n).
4
Let t(r) = r**3 - 10*r**2 - 13*r + 27. Let i = 55 - 58. Let w be (i*(-4 + 3) - 3) + 11. Calculate the remainder when 13 is divided by t(w).
3
Suppose -45495 = -1255*d + 1228*d. What is the remainder when d is divided by 109?
50
Let s(x) = -341*x**3 + 2*x**2 - x. Let p = -26 - -27. Let t be s(p). What is the remainder when (-1)/(-1 - 336/t) is divided by 22?
19
What is the remainder when 1205 is divided by 17 + ((-8)/12)/(-1)*3?
8
Suppose -1 = -5*o + 4*m + 35, 5*o - 2*m - 28 = 0. Calculate the remainder when 268 is divided by (-642)/(-18) - (o + (-35)/15).
30
Suppose -62 = 3*i - 278. What is the remainder when i/14*4*21/18 is divided by 2?
0
Suppose -i + 47 = -8*s, 4*s = i - 0*s - 35. What is the remainder when 51 is divided by i?
5
Let z be 2/1*(-96)/(-64). Suppose -2*u + 6*u - 70 = -z*y, 0 = 4*y - u - 106. What is the remainder when 80 is divided by y?
2
Let x(r) = -8*r + 82. Let y be x(10). Suppose 0 = -4*v + 4, 4*v = -y*g + 3*v + 57. Calculate the remainder when 138 is divided by g.
26
Let s = 42 + -33. Let z = -5 - s. Let f = 20 - z. Calculate the remainder when f is divided by 9.
7
Let h be 26/91 - ((-292)/7 - 0). Let l = h - 9. What is the remainder when 163 is divided by l?
31
Suppose 2*f - 133 = 29. Let j(n) = n**3 + 277*n**2 + 4169*n - 1813. Calculate the remainder when f is divided by j(-261).
11
Suppose 27*s - 65 = 14*s. Suppose -p + 21 = -5*y - 8, -s*y + 41 = 4*p. What is the remainder when 40 is divided by p?
12
Suppose -120*h + 169*h = 123*h - 592. Suppose 0 = -5*x + 42 + 43. What is the remainder when x is divided by h?
1
Suppose 0 = -5*n + 2*b + 21, n - 3*n = 4*b - 18. Let u = -18027 + 18096. What is the remainder when u is divided by n?
4
Suppose 0*k + k - 9 = 4*j, 50 = 4*k - 2*j. What is the remainder when 5/(-12*(-30)/48)*54 is divided by k?
10
Suppose -38*s + 595 = -811. Let v be (6/(-10))/((-3)/15). Suppose v*d = 5*d - 38. What is the remainder when s is divided by d?
18
What is the remainder when ((-16)/(-84)*-7)/(((-32)/(-1710))/(-4)) is divided by 98?
89
Calculate the remainder when 404 - (36/(-5) - (-284)/(-355)) is divided by 117.
61
Let f(s) = 3*s - 2. Let i = -363 - -365. Suppose 38*v - 34*v - 3*b = 63, 0 = -i*v - 3*b + 9. Calculate the remainder when v is divided by f(4).
2
Suppose o + 97 = 2*h - 152, -5*o + 108 = h. Let r = h - 87. Suppose -4*f = -4*g - 92, 18*g = 13*g - 20. Calculate the remainder when r is divided by f.
17
Let s(v) = -6*v. Let u(c) be the first derivative of c**3/3 - 15*c**2 + 154*c + 165. What is the remainder when s(-6) is divided by u(24)?
6
Suppose 0 = 19*n - 26*n + 112. What is the remainder when 0 + 612/(0 + 3) is divided by n?
12
Suppose -q = 2*j - 2, -11*q = -6*q - 5*j + 5. Suppose -3*c - l + 56 = q, 2*c - 48 = -l - 12. What is the remainder when 75 is divided by c?
15
Calculate the remainder when 143 + -7*3/3 is divided by 54.
28
Let x(c) be the second derivative of 21*c**5/20 - c**4/4 + 5*c**3/6 - c**2/2 - 59*c. Calculate the remainder when 75 is divided by x(1).
9
Calculate the remainder when 3794 is divided by (-102 - -109)*(-138)/(-14).
68
Suppose -b - 235 = -5*l, 4*l + 16 - 225 = 5*b. Calculate the remainder when 205 is divided by l.
21
Let t be (-12)/21 - (-4634)/49. Suppose 0 = -2*o - 99*x + t*x + 10, -o = -4*x - 5. What is the remainder when 38 is divided by o?
3
Let j(g) = -203*g + 4337. Let w(i) = -3*i**3 + 3*i**3 + 10 - i**3 - 3*i + 8*i**2. What is the remainder when j(21) is divided by w(7)?
36
Suppose 166*p + 4 = 165*p, -o + 70 = p. What is the remainder when 2199 is divided by o?
53
Suppose 3*v + 4*c = 203, c + 698 = 3*v + 535. Suppose -287 - 53 = -2*i. What is the remainder when i is divided by v?
56
Let i = 41 + -33. Suppose 6*d = i*d - 8. Suppose -4 = 2*u, d*q + 0*u - u = 26. Calculate the remainder when 23 is divided by q.
5
Let k(q) be the third derivative of 16*q**2 - 1/24*q**4 + 7/6*q**3 + 0*q + 0. What is the remainder when 34 is divided by k(-13)?
14
Let q = -39095 - -39312. What is the remainder when 263 is divided by q?
46
Let x = 25 + -8. What is the remainder when 336 is divided by x?
13
Suppose 0 = 3*d - 2*b + b - 55, 4*d + 5*b = 67. Let k(w) = 6*w**2 + 7*w + 15. Let y be k(-2). Calculate the remainder when y*(-12)/(-30)*3 is divided by d.
12
Suppose 37*p - 490 = 1138. Calculate the remainder when 2366 is divided by p.
34
Let l = 506 + -471. What is the remainder when l is divided by ((-60)/9)/(14/(-21))?
5
Suppose 496 = 4*z - 5*c, -4*z + 97*c - 98*c = -472. Calculate the remainder when 126 is divided by z.
7
Let x = -1463 - -6804. What is the remainder when x is divided by 167?
164
Let v = -26079 - -26188. What is the remainder when 228 is divided by v?
10
Suppose -5*s + 124 - 34 = -3*u, -3*s = 5*u - 54. Let x(i) = -43*i + 10. Let t be x(-4). Let n = t - 129. What is the remainder when n is divided by s?
17
Let n(z) be the first derivative of -z**3/3 + 37*z**2/2 - 62*z - 49. Calculate the remainder when n(25) is divided by 41.
33
Suppose 100 + 28 = 8*d. Let g(n) = -4*n + 84. Calculate the remainder when 99 is divided by g(d).
19
Let z(i) = 8*i + 35. Let v be z(-4). Suppose -s - 13*l + 14*l = -233, -2*s + 468 = -v*l. Calculate the remainder when s is divided by 78.
75
Let m be 4/(-1)*2/6*-219. Suppose t = 3*f + m, f + 0*f + 100 = t. Let q = -79 - f. Calculate the remainder when 62 is divided by q.
11
Let n = 232 - 25. Suppose -4*f + 108 = 2*h, -4*h + 8*h + 5*f - n = 0. Calculate the remainder when 717 is divided by h.
45
Suppose 3*r = 3*z + 20298, 55*z - 20298 = -3*r + 53*z. What is the remainder when r is divided by 8?
6
Calculate the remainder when (174/24 + -7)/((-3)/(-13956)*1) is divided by 187.
41
Let l = 1519 + -1475. Let p =